 units digit of n?
1
Suppose p - 2*o + 1 = 0, 5*p + 2*o + 61 = -2*o. What is the units digit of 839 - (0 + p - -3)?
5
Suppose 3*r + 4*t + 0 = 21, 0 = 3*r + 5*t - 21. Suppose w + r*w = -32. What is the tens digit of (6/w)/((-18)/948)?
7
Let t be 5/(-4 + -1)*-3. Let c(k) = 2*k - 42. Let l be c(-17). Let m = t - l. What is the tens digit of m?
7
Suppose 0 = -97*w + 626067 + 1506963. What is the thousands digit of w?
1
Suppose 912*a - 9 = 909*a. What is the hundreds digit of (a + 0)/(135/24525)?
5
Suppose 4*n + 92*i = 97*i + 187817, n - i = 46953. What is the units digit of n?
8
Suppose -78*y = -105*y + 186084. What is the units digit of y?
2
Let d(u) = 4*u + 232. Let g be d(20). What is the tens digit of (117/12)/(945/g + -3)?
3
Let j(o) = -5*o**2 - 11*o - 5. Let w(b) = 4*b**2 + 9*b + 4. Let l(z) = 2*j(z) + 3*w(z). What is the tens digit of l(-8)?
9
Let d(n) = -84*n**3 + n**2 - n. Let r be d(1). Suppose 4*h + 3 = -3*v, -9*v = -5*h - 6*v - 24. What is the tens digit of r/9*-15 + h?
3
Let s = 21 - -46. Let b = s + -15. Let z = b + 34. What is the tens digit of z?
8
What is the units digit of (-1 + 10 + 172249/(-154))/(1/(-18))?
1
Let h be ((-1)/(3/(-3)))/((-1)/20). Let i(x) = x**3 + 19*x**2 - 38*x - 14. Let b be i(h). Suppose -2 = -o, b = j + j + 2*o. What is the tens digit of j?
7
Suppose 163*g = 177*g + 254016. What is the hundreds digit of g/(-20) - (-4)/(-20)?
9
Let l = 1250 - 1084. What is the tens digit of l?
6
Suppose 4*y + 156 = -4*r, -10 = -9*r + 4*r. Let a = -37 - y. Suppose 5*k = 4*b - 601, 2*b + a*k = k + 317. What is the hundreds digit of b?
1
Let l be 6/(-24)*-20 + -16. What is the units digit of l/(11/(-315))*(-4 + 5)?
5
Let b be ((1 + -10)/(-18))/((-2)/(-12)). Suppose -1154 = -b*y + 466. What is the units digit of y?
0
Let o = -50 - -54. Let i = 142 + -142. Suppose i = -o*w + 6*x - 3*x + 341, -84 = -w + 2*x. What is the tens digit of w?
8
Let i(f) = -f**2 + 6*f - 12. Let a be i(8). Let m be 4/(a/2833) - 8/28. What is the hundreds digit of m/2*(-20)/25?
1
Suppose 2*b - 2 = -3*l + 2, -3*l = -3*b - 24. Suppose -270 = -l*n - 5*n. Suppose -n = -4*r + 3*r. What is the units digit of r?
0
Let n = 669 - 453. Let v = n - -102. What is the hundreds digit of v?
3
Let q = -63 - -62. Let y(i) = 23*i**2 - 2*i - 3. Let o be y(q). Let s = 77 + o. What is the units digit of s?
9
Let t(o) = -o**3 + 6*o**2 + 7*o + 1. Let w be t(7). Let a(l) = 89*l**3 - 2 - 3 + 2 + 2. What is the tens digit of a(w)?
8
Suppose -135 + 15 = -5*t. Suppose -3*s + t = 3*s. What is the tens digit of 444/(-1 + s) - -4?
5
Let o = -111 - -103. Let u be 2/o + (-2750)/(-88). Let c = 60 - u. What is the units digit of c?
9
Let u be ((-144)/42)/4*(-4 + 18). What is the hundreds digit of (-5882)/u - (-35)/42?
4
Let c = 3734 - 971. What is the tens digit of c?
6
Let j(x) = -x**3 + 10*x**2 - 6*x - 27. Let z be j(9). Suppose -3*d + 2*d = z. Suppose -5*h + 12*h - 910 = d. What is the hundreds digit of h?
1
Suppose 4*q - 16 = -x - 21, -1 = 3*x + 5*q. Suppose -5*h = -x*i - 2941, -3*h - i + 2260 = 501. What is the hundreds digit of h?
5
Suppose -26*l + 33 = -29*l. What is the units digit of 2/l - 105090/(-341)?
8
Let v = -12465 - -21480. What is the thousands digit of v?
9
What is the ten thousands digit of 456897/30 - 93/(-930)?
1
Suppose -18*y + 22*y - 116806 = -3*l, -5*y + l + 146036 = 0. What is the hundreds digit of y?
2
Suppose 0 = -6*l - 10 + 46. Let j be 62/4 - (-3)/l. Suppose -r = j - 60. What is the tens digit of r?
4
Suppose 4*t = -11*t + 45. Suppose 0 = 2*n + t - 59. What is the tens digit of n?
2
Let x(m) = -31*m - 421 + 105*m + 220. What is the tens digit of x(12)?
8
Suppose z = -2*d - 293, -472 = 3*d - 4*z - z. Let p = -85 - d. What is the units digit of p?
4
Let l(j) = -5*j**2 + j + 7. Let c(i) = 6*i**2 - 2*i - 8. Let g(r) = 3*c(r) + 2*l(r). Let w be g(-3). Let b = 76 - w. What is the units digit of b?
2
Let s be 7/(-2)*(4 + (-108)/21). Let y be (s/(-12))/(2/(-12)). Suppose j = y + 21. What is the tens digit of j?
2
Let p(x) = -24*x**2 + 2*x - 1. Let u be p(1). Let q(v) = -13*v + 4. What is the hundreds digit of q(u)?
3
Let p(n) = n**2 + n - 9. Let u(i) = 3*i**3 - 49*i**2 + 17*i - 2. Let d be u(16). What is the units digit of p(d)?
1
What is the tens digit of (-3348240)/(-260) + 4 + 4/26?
8
Let l = -19651 - -39136. What is the hundreds digit of l?
4
Let x(k) = 8 + 8*k + 2*k**3 - 11*k + 17*k**2 - 9*k. Let z be x(-9). What is the units digit of 640/14 + 10/z?
6
Suppose -2*z + 40660 = -4*d, 0*z - 19*d = 5*z - 101737. What is the tens digit of z?
3
Let l(q) = -q - 1. Let f(b) = -6*b + 27. Let s(i) = f(i) - 5*l(i). Let o be s(12). Let t = 56 - o. What is the units digit of t?
6
Let v(b) = -b**3 + 12*b**2 - 9*b - 22. Let l be v(11). Suppose m = 1, -4*m = 3*a - 0*a - 250. Suppose r - 2*r + a = l. What is the units digit of r?
2
Let i be ((-130)/91)/((-20)/56). Suppose 0 = -4*v + i, a - 5*v = -4*a + 945. What is the units digit of a?
0
Let k = -19594 - -39566. What is the hundreds digit of k?
9
Let k(c) = c**3 - 3*c**2 + 20*c - 19. Let o(h) = -11*h + 7. Let a be o(0). What is the tens digit of k(a)?
1
Let f(d) = -21071*d + 614. What is the tens digit of f(-2)?
5
Suppose b - 719 - 699 = -4*m, 0 = m - 1. Suppose -4*x - 3*x = -b. Suppose -2*r = -654 + x. What is the hundreds digit of r?
2
Suppose 12*d + 23188 = 2*r + 17*d, -2*r + d = -23164. What is the thousands digit of r?
1
Suppose -27*v - 2 = 25. What is the units digit of v/((10/(-597))/10)?
7
Let b(m) = -3*m**2 + 79*m - 30. Let w be b(26). Let i(z) = -4*z**3 + 6*z**2 + 4*z + 8. What is the tens digit of i(w)?
4
Suppose -5*g = -10*s + 66155, g - 20226 = -4*s + 6245. What is the units digit of s?
7
What is the tens digit of 45993/(-2)*(-3 - 0)/((-765)/(-170))?
3
Suppose 0 = 4*p - 2*f - 4816, 15*p - 14*p = -2*f + 1209. Let s = p - 119. What is the tens digit of s?
8
Suppose 25*b - 505955 - 236409 = 57711. What is the units digit of b?
3
Let j(i) = i**3 + 4*i**2 + 50*i + 20209. What is the thousands digit of j(0)?
0
Let v be (0 - 0)/(-3 + 6 - 5). Suppose v = -w - 5*y + 44 + 376, 0 = -4*w + 3*y + 1726. What is the units digit of w?
0
Let m = 68 + -64. What is the tens digit of 1206/m - (-42)/28?
0
Let k be ((-2)/4)/(4/(-16)). Suppose 0 = -2*j + 2*p + 340, -k*p - 73 = -j + 92. What is the units digit of j?
5
Let o = 12 + -11. What is the hundreds digit of o + 491 - (10 - 15)?
4
Suppose 13*d - 6*d = 525. Suppose -d*y = -70*y - 665. What is the units digit of y?
3
Suppose -7 - 14 = -7*p. Suppose 1359 = p*a + 6*a. Suppose 5*j - a = -6. What is the units digit of j?
9
Suppose 0 = -4*p - 3*a + 5*a + 262, 3*a = 9. Let m(x) = 10 - 5*x + 68*x**2 + 0*x - p*x**2. What is the units digit of m(6)?
6
Let a = -38524 - -55368. What is the tens digit of a?
4
Let q = 2798 - 1163. What is the tens digit of q?
3
Suppose -8*k + 171540 + 6318 = 10*k. What is the tens digit of k?
8
Let b(h) = 95*h + 30. Let v be b(12). Suppose -4*z = -v - 154. What is the hundreds digit of z?
3
Let o(a) be the second derivative of 109*a**4/3 - 2*a**3 - 2*a**2 - 38*a. Let k be o(6). What is the tens digit of k/99 - (-2)/9?
5
Let y(n) = -55 + 84 - 83 - 9*n. Let w be y(-27). Suppose 8*d - w = 5*d. What is the units digit of d?
3
Suppose -u = -4*i + 157 + 4, 3*u = -2*i + 77. Let n = i - 35. Suppose -n*m - 5*h = -0*h - 535, -3*m - 5*h + 323 = 0. What is the tens digit of m?
0
Let p(k) = -33*k + 63. Suppose -1469*j + 1463*j - 66 = 0. What is the units digit of p(j)?
6
Suppose -3*x = 5*f - 43961, -77*x + 26377 = 3*f - 75*x. What is the hundreds digit of f?
7
Let w(d) = 134*d**2 + 100*d + 2070. What is the units digit of w(-17)?
6
Suppose 147*l - 152*l + 16686 = -8629. What is the tens digit of l?
6
Suppose -4*t - 10*t = -113400. What is the units digit of t?
0
Let y = -5176 + 10069. What is the thousands digit of y?
4
Suppose o + 532 = -3*f, 4*f + 0*o + 712 = -2*o. Let w = f + 85. What is the units digit of 1 + (-4 + 1 - w)?
9
Suppose h + 4 = 0, 82*u - 84*u - h = -35824. What is the ten thousands digit of u?
1
Suppose -4*b - 1384 = -4*m, -b - 194 = -4*m + 1178. What is the tens digit of m?
4
Let w(c) = -47*c + 27. Let a(o) = 95*o - 52. Let x(i) = -2*a(i) - 5*w(i). What is the tens digit of x(14)?
9
Let o(x) = 2*x**2 + 11*x + 10. Let u be o(-1). Let q(w) = -64*w**3 - 3*w**2 + 